{"id":142,"date":"2025-07-18T23:55:59","date_gmt":"2025-07-18T20:55:59","guid":{"rendered":"https:\/\/demo7.fundanr.com.tr\/?page_id=142"},"modified":"2025-10-03T21:48:55","modified_gmt":"2025-10-03T18:48:55","slug":"iletisim","status":"publish","type":"page","link":"https:\/\/meralticaret.com.tr\/index.php\/iletisim\/","title":{"rendered":"\u0130leti\u015fim"},"content":{"rendered":"\t\t<div data-elementor-type=\"wp-page\" data-elementor-id=\"142\" class=\"elementor elementor-142\" data-elementor-post-type=\"page\">\n\t\t\t\t<div class=\"elementor-element elementor-element-27a94437 e-flex e-con-boxed e-con e-parent\" data-id=\"27a94437\" data-element_type=\"container\" data-settings=\"{&quot;background_background&quot;:&quot;classic&quot;}\">\n\t\t\t\t\t<div class=\"e-con-inner\">\n\t\t<div class=\"elementor-element elementor-element-a140fb6 e-con-full e-flex e-con e-child\" data-id=\"a140fb6\" data-element_type=\"container\">\n\t\t\t\t<div class=\"elementor-element elementor-element-2f50238f text-left text--mobilecenter elementor-widget elementor-widget-tp-heading-title\" data-id=\"2f50238f\" data-element_type=\"widget\" data-widget_type=\"tp-heading-title.default\">\n\t\t\t\t\t<div class=\"heading heading_style heading_style6a07796f15346 style-1 \"  data-tp-gsap-heading-text=\"\" data-tp-gsap-sub-heading-text=\"\"><div class=\"sub-style\" ><div class=\"head-title \" > <h2  class=\"heading-title   \"  data-hover=\"\u0130leti\u015fim\">\u0130leti\u015fim<span class=\"title-s \">  <\/span><\/h2><\/div><\/div><\/div>\t\t\t\t<\/div>\n\t\t\t\t<div class=\"elementor-element elementor-element-3852548c elementor-widget elementor-widget-hfe-breadcrumbs-widget\" data-id=\"3852548c\" data-element_type=\"widget\" data-widget_type=\"hfe-breadcrumbs-widget.default\">\n\t\t\t\t<div class=\"elementor-widget-container\">\n\t\t\t\t\t<nav aria-label=\"Breadcrumb\"><ul class=\"hfe-breadcrumbs hfe-breadcrumbs-show-home\"><li class=\"hfe-breadcrumbs-item hfe-breadcrumbs-first\"><span class=\"hfe-breadcrumbs-home-icon\"><\/span><a href=\"https:\/\/meralticaret.com.tr\"><span class=\"hfe-breadcrumbs-text\">Ana Sayfa<\/span><\/a><\/li><\/ul><\/nav>\t\t\t\t<\/div>\n\t\t\t\t<\/div>\n\t\t\t\t<\/div>\n\t\t\t\t\t<\/div>\n\t\t\t\t<\/div>\n\t\t<div class=\"elementor-element elementor-element-3d8bb99a e-flex e-con-boxed e-con e-parent\" data-id=\"3d8bb99a\" data-element_type=\"container\" data-settings=\"{&quot;background_background&quot;:&quot;classic&quot;}\">\n\t\t\t\t\t<div class=\"e-con-inner\">\n\t\t\t\t<div class=\"elementor-element elementor-element-51b45cb5 text--tabletcenter text--mobilecenter elementor-widget__width-initial elementor-widget-tablet__width-inherit text-center elementor-widget elementor-widget-tp-heading-title\" data-id=\"51b45cb5\" data-element_type=\"widget\" data-widget_type=\"tp-heading-title.default\">\n\t\t\t\t\t<div class=\"heading heading_style heading_style6a07796f16391 style-1 \"  data-tp-gsap-heading-text=\"\" data-tp-gsap-sub-heading-text=\"\"><div class=\"sub-style\" ><div class=\"head-title \" > <h2  class=\"heading-title   \"  data-hover=\"Bizimle \u0130leti\u015fime Ge\u00e7in\">Bizimle \u0130leti\u015fime Ge\u00e7in<span class=\"title-s \">  <\/span><\/h2><\/div><div class=\"sub-heading\"><h3 class=\"heading-sub-title  \"> Her t\u00fcrl\u00fc soru, g\u00f6r\u00fc\u015f ve \u00f6nerileriniz i\u00e7in buraday\u0131z. Size en k\u0131sa s\u00fcrede yard\u0131mc\u0131 olmaktan memnuniyet duyar\u0131z. <\/h3><\/div><\/div><\/div>\t\t\t\t<\/div>\n\t\t<div class=\"elementor-element elementor-element-4d9c56c9 e-con-full e-flex e-con e-child\" data-id=\"4d9c56c9\" data-element_type=\"container\" data-settings=\"{&quot;background_background&quot;:&quot;classic&quot;}\">\n\t\t\t\t<div class=\"elementor-element elementor-element-70d22c5a elementor-widget elementor-widget-tp-plus-form\" data-id=\"70d22c5a\" data-element_type=\"widget\" data-widget_type=\"tp-plus-form.default\">\n\t\t\t\t\t<div class=\"tpae-form-container\" data-formdata=\"{&quot;form_id&quot;:&quot;tpae-form-main&quot;,&quot;Required_mask&quot;:&quot;show-asterisks&quot;,&quot;invalid_form&quot;:&quot;Ge\\u00e7ersiz form! L\\u00fctfen tekrar kontrol edin.&quot;,&quot;required_fields&quot;:&quot;Bu alan zorunludur.&quot;,&quot;form_error&quot;:&quot;Form g\\u00f6nderilirken bir hata olu\\u015ftu.&quot;,&quot;success_message&quot;:&quot;Mesaj\\u0131n\\u0131z Ba\\u015far\\u0131yla G\\u00f6nderildi&quot;,&quot;server_error&quot;:&quot;Bir sunucu hatas\\u0131 olu\\u015ftu.&quot;}\" data-emaildata=\"&quot;46nQ1-na9j8QM4AIcPCkcThtVgioPWM6cFvqSiAogKFbeGmOVwXsLHCAuoMevyfKCo1Fg6fg3i2uy_QKy0vyLHC0D_AYoDw1IEYNuNArHXgtPuP6EDJcn6WlI4I88J5kTPYHjRSG6J6YLtPkObzUNE6RqizzYWI2wmt7oW715n-biH_CinfbO_SwWZWcHHBHw2il9NCucgyyQ6vOw5emOKhoKjQ-rQ_RU9SPB_bgL3UhnY-GHTYskp3U6W2mTvphq4ESEt5lhAUoGC6OFF7gC_ZcXrn6UT-GC1LCzO_Z76c0pFSkkwP8wM7htkZ5atSwS3-amrIrMLf_UTBxSFoS7F3K0MEct3QYlbZkLsVAvZpgS2nvzw4&quot;\" ><style> .elementor-element-70d22c5a .tpae-form-submit-container{ width:100%!important } <\/style><form id=\"tpae-form-main\" class=\"tpae-form\" method=\"post\"><div class=\"tpae-form-field\" data-width=\"\" data-tablet-width=\"\" data-mobile-width=\"\"> <label for=\"form_fields[first_name]\" class=\"tpae-form-label\">Ad Soyad<\/label><input type=\"text\" name=\"first_name\" id=\"first_name\" placeholder=\"Ad\u0131 Soyad\"  class=\"medium\" value=\"\" aria-description=\"\"\/><span class=\"tpae-help-text\"><\/span><\/div><div class=\"tpae-form-field\" data-width=\"\" data-tablet-width=\"\" data-mobile-width=\"\"> <label for=\"form_fields[email]\" class=\"tpae-form-label\">E-Posta <span class=\"tpae-required-asterisk\">*<\/span><\/label><input type=\"email\" name=\"email\" id=\"email\" placeholder=\"E-Posta \" required class=\"medium\" value=\"\" aria-description=\"\"\/><span class=\"tpae-help-text\"><\/span><\/div><div class=\"tpae-form-field\" data-width=\"\" data-tablet-width=\"\" data-mobile-width=\"\"> <label for=\"form_fields[subject]\" class=\"tpae-form-label\">Konu<\/label><input type=\"text\" name=\"subject\" id=\"subject\" placeholder=\"Konu\"  class=\"medium\" value=\"\" aria-description=\"\"\/><span class=\"tpae-help-text\"><\/span><\/div><div class=\"tpae-form-field\" data-width=\"\" data-tablet-width=\"\" data-mobile-width=\"\"> <label for=\"form_fields[message]\" class=\"tpae-form-label\">Mesaj<\/label><textarea name=\"message\" rows=\"6\" id=\"message\" placeholder=\"Mesaj\u0131n\u0131z\u0131 Yaz\u0131n\u0131z\"  class=\"medium\"aria-description=\"\"><\/textarea><\/div><div class=\"tpae-form-submit-container\"><button id=\"tpae-form-button\" type=\"submit\" class=\"tpae-form-submit tpae-form-button tpae-icon-after\"><span class=\"tpae-button-text\">G\u00f6nder  <\/span><span class=\"tpae-button-loader\" style=\"display:none;\"><span class=\"tpae-spinner\"><\/span><\/span><\/button><\/div><\/form><\/div>\t\t\t\t<\/div>\n\t\t\t\t<\/div>\n\t\t<div class=\"elementor-element elementor-element-552b3643 e-con-full e-flex e-con e-child\" data-id=\"552b3643\" data-element_type=\"container\">\n\t\t<div class=\"elementor-element elementor-element-683e2b65 e-con-full e-flex e-con e-child\" data-id=\"683e2b65\" data-element_type=\"container\" data-settings=\"{&quot;background_background&quot;:&quot;classic&quot;}\">\n\t\t\t\t<div class=\"elementor-element elementor-element-5538ced2 elementor-view-stacked elementor-shape-rounded elementor-widget elementor-widget-icon\" data-id=\"5538ced2\" data-element_type=\"widget\" data-widget_type=\"icon.default\">\n\t\t\t\t\t\t\t<div class=\"elementor-icon-wrapper\">\n\t\t\t<div class=\"elementor-icon\">\n\t\t\t<svg aria-hidden=\"true\" class=\"e-font-icon-svg e-fas-phone-alt\" viewBox=\"0 0 512 512\" xmlns=\"http:\/\/www.w3.org\/2000\/svg\"><path d=\"M497.39 361.8l-112-48a24 24 0 0 0-28 6.9l-49.6 60.6A370.66 370.66 0 0 1 130.6 204.11l60.6-49.6a23.94 23.94 0 0 0 6.9-28l-48-112A24.16 24.16 0 0 0 122.6.61l-104 24A24 24 0 0 0 0 48c0 256.5 207.9 464 464 464a24 24 0 0 0 23.4-18.6l24-104a24.29 24.29 0 0 0-14.01-27.6z\"><\/path><\/svg>\t\t\t<\/div>\n\t\t<\/div>\n\t\t\t\t\t\t<\/div>\n\t\t\t\t<div class=\"elementor-element elementor-element-513f1be4 text-left elementor-widget__width-initial elementor-widget elementor-widget-tp-heading-title\" data-id=\"513f1be4\" data-element_type=\"widget\" data-widget_type=\"tp-heading-title.default\">\n\t\t\t\t\t<div class=\"heading heading_style heading_style6a07796f1f2b9 style-1 \"  data-tp-gsap-heading-text=\"\" data-tp-gsap-sub-heading-text=\"\"><div class=\"sub-style\" ><div class=\"head-title \" > <h4  class=\"heading-title   \"  data-hover=\"Telefon Numaram\u0131z Ve Wp Numaram\u0131z\">Telefon Numaram\u0131z Ve Wp Numaram\u0131z<span class=\"title-s \">  <\/span><\/h4><\/div><div class=\"sub-heading\"><h4 class=\"heading-sub-title  \"> +90 442 327 41 42 <\/h4><\/div><\/div><\/div>\t\t\t\t<\/div>\n\t\t\t\t<\/div>\n\t\t<div class=\"elementor-element elementor-element-3c0e68b e-con-full e-flex e-con e-child\" data-id=\"3c0e68b\" data-element_type=\"container\" data-settings=\"{&quot;background_background&quot;:&quot;classic&quot;}\">\n\t\t\t\t<div class=\"elementor-element elementor-element-451024f elementor-view-stacked elementor-shape-rounded elementor-widget elementor-widget-icon\" data-id=\"451024f\" data-element_type=\"widget\" data-widget_type=\"icon.default\">\n\t\t\t\t\t\t\t<div class=\"elementor-icon-wrapper\">\n\t\t\t<a class=\"elementor-icon\" href=\"https:\/\/www.instagram.com\/meralavm\/\">\n\t\t\t<svg aria-hidden=\"true\" class=\"e-font-icon-svg e-fab-instagram\" viewBox=\"0 0 448 512\" xmlns=\"http:\/\/www.w3.org\/2000\/svg\"><path d=\"M224.1 141c-63.6 0-114.9 51.3-114.9 114.9s51.3 114.9 114.9 114.9S339 319.5 339 255.9 287.7 141 224.1 141zm0 189.6c-41.1 0-74.7-33.5-74.7-74.7s33.5-74.7 74.7-74.7 74.7 33.5 74.7 74.7-33.6 74.7-74.7 74.7zm146.4-194.3c0 14.9-12 26.8-26.8 26.8-14.9 0-26.8-12-26.8-26.8s12-26.8 26.8-26.8 26.8 12 26.8 26.8zm76.1 27.2c-1.7-35.9-9.9-67.7-36.2-93.9-26.2-26.2-58-34.4-93.9-36.2-37-2.1-147.9-2.1-184.9 0-35.8 1.7-67.6 9.9-93.9 36.1s-34.4 58-36.2 93.9c-2.1 37-2.1 147.9 0 184.9 1.7 35.9 9.9 67.7 36.2 93.9s58 34.4 93.9 36.2c37 2.1 147.9 2.1 184.9 0 35.9-1.7 67.7-9.9 93.9-36.2 26.2-26.2 34.4-58 36.2-93.9 2.1-37 2.1-147.8 0-184.8zM398.8 388c-7.8 19.6-22.9 34.7-42.6 42.6-29.5 11.7-99.5 9-132.1 9s-102.7 2.6-132.1-9c-19.6-7.8-34.7-22.9-42.6-42.6-11.7-29.5-9-99.5-9-132.1s-2.6-102.7 9-132.1c7.8-19.6 22.9-34.7 42.6-42.6 29.5-11.7 99.5-9 132.1-9s102.7-2.6 132.1 9c19.6 7.8 34.7 22.9 42.6 42.6 11.7 29.5 9 99.5 9 132.1s2.7 102.7-9 132.1z\"><\/path><\/svg>\t\t\t<\/a>\n\t\t<\/div>\n\t\t\t\t\t\t<\/div>\n\t\t\t\t<div class=\"elementor-element elementor-element-06da5cf text-left elementor-widget elementor-widget-tp-heading-title\" data-id=\"06da5cf\" data-element_type=\"widget\" data-widget_type=\"tp-heading-title.default\">\n\t\t\t\t\t<div class=\"heading heading_style heading_style6a07796f217b5 style-1 \"  data-tp-gsap-heading-text=\"\" data-tp-gsap-sub-heading-text=\"\"><div class=\"sub-style\" ><div class=\"head-title \" > <h4  class=\"heading-title   \"  data-hover=\"instagram Adresimiz\">instagram Adresimiz<span class=\"title-s \">  <\/span><\/h4><\/div><div class=\"sub-heading\"><h4 class=\"heading-sub-title  \"> meralavm <\/h4><\/div><\/div><\/div>\t\t\t\t<\/div>\n\t\t\t\t<\/div>\n\t\t<div class=\"elementor-element elementor-element-63441c94 e-con-full e-flex e-con e-child\" data-id=\"63441c94\" data-element_type=\"container\" data-settings=\"{&quot;background_background&quot;:&quot;classic&quot;}\">\n\t\t\t\t<div class=\"elementor-element elementor-element-2c58f3ba elementor-view-stacked elementor-shape-rounded elementor-widget elementor-widget-icon\" data-id=\"2c58f3ba\" data-element_type=\"widget\" data-widget_type=\"icon.default\">\n\t\t\t\t\t\t\t<div class=\"elementor-icon-wrapper\">\n\t\t\t<div class=\"elementor-icon\">\n\t\t\t<svg aria-hidden=\"true\" class=\"e-font-icon-svg e-fas-envelope\" viewBox=\"0 0 512 512\" xmlns=\"http:\/\/www.w3.org\/2000\/svg\"><path d=\"M502.3 190.8c3.9-3.1 9.7-.2 9.7 4.7V400c0 26.5-21.5 48-48 48H48c-26.5 0-48-21.5-48-48V195.6c0-5 5.7-7.8 9.7-4.7 22.4 17.4 52.1 39.5 154.1 113.6 21.1 15.4 56.7 47.8 92.2 47.6 35.7.3 72-32.8 92.3-47.6 102-74.1 131.6-96.3 154-113.7zM256 320c23.2.4 56.6-29.2 73.4-41.4 132.7-96.3 142.8-104.7 173.4-128.7 5.8-4.5 9.2-11.5 9.2-18.9v-19c0-26.5-21.5-48-48-48H48C21.5 64 0 85.5 0 112v19c0 7.4 3.4 14.3 9.2 18.9 30.6 23.9 40.7 32.4 173.4 128.7 16.8 12.2 50.2 41.8 73.4 41.4z\"><\/path><\/svg>\t\t\t<\/div>\n\t\t<\/div>\n\t\t\t\t\t\t<\/div>\n\t\t\t\t<div class=\"elementor-element elementor-element-7cdd082b text-left elementor-widget__width-initial elementor-widget elementor-widget-tp-heading-title\" data-id=\"7cdd082b\" data-element_type=\"widget\" data-widget_type=\"tp-heading-title.default\">\n\t\t\t\t\t<div class=\"heading heading_style heading_style6a07796f23ac0 style-1 \"  data-tp-gsap-heading-text=\"\" data-tp-gsap-sub-heading-text=\"\"><div class=\"sub-style\" ><div class=\"head-title \" > <h6  class=\"heading-title   \"  data-hover=\"E-Posta Adresimiz\">E-Posta Adresimiz<span class=\"title-s \">  <\/span><\/h6><\/div><div class=\"sub-heading\"><h4 class=\"heading-sub-title  \"> meralavm@gmail.com <\/h4><\/div><\/div><\/div>\t\t\t\t<\/div>\n\t\t\t\t<\/div>\n\t\t\t\t<\/div>\n\t\t\t\t<div class=\"elementor-element elementor-element-acd5bd7 elementor-widget elementor-widget-google_maps\" data-id=\"acd5bd7\" data-element_type=\"widget\" data-widget_type=\"google_maps.default\">\n\t\t\t\t\t\t\t<div class=\"elementor-custom-embed\">\n\t\t\t<iframe loading=\"lazy\"\n\t\t\t\t\tsrc=\"https:\/\/maps.google.com\/maps?q=Erzurum%20Dada%C5%9Fkent%20Meral%20Avm&#038;t=m&#038;z=17&#038;output=embed&#038;iwloc=near\"\n\t\t\t\t\ttitle=\"Erzurum Dada\u015fkent Meral Avm\"\n\t\t\t\t\taria-label=\"Erzurum Dada\u015fkent Meral Avm\"\n\t\t\t><\/iframe>\n\t\t<\/div>\n\t\t\t\t\t\t<\/div>\n\t\t\t\t\t<\/div>\n\t\t\t\t<\/div>\n\t\t\t\t<\/div>\n\t\t","protected":false},"excerpt":{"rendered":"<p>\u0130leti\u015fim Ana Sayfa Bizimle \u0130leti\u015fime Ge\u00e7in Her t\u00fcrl\u00fc soru, g\u00f6r\u00fc\u015f ve \u00f6nerileriniz i\u00e7in buraday\u0131z. Size en k\u0131sa s\u00fcrede yard\u0131mc\u0131 olmaktan memnuniyet duyar\u0131z. Ad Soyad E-Posta * Konu Mesaj G\u00f6nder Telefon Numaram\u0131z Ve Wp Numaram\u0131z +90 442 327 41 42 instagram Adresimiz meralavm E-Posta Adresimiz meralavm@gmail.com<\/p>\n","protected":false},"author":1,"featured_media":0,"parent":0,"menu_order":0,"comment_status":"closed","ping_status":"closed","template":"elementor_header_footer","meta":{"_themeisle_gutenberg_block_has_review":false,"footnotes":""},"class_list":["post-142","page","type-page","status-publish","hentry"],"yoast_head":"<!-- This site is optimized with the Yoast SEO plugin v26.0 - https:\/\/yoast.com\/wordpress\/plugins\/seo\/ -->\n<title>\u0130leti\u015fim | Meral Ticaret<\/title>\n<meta name=\"description\" content=\"Meral Ticaret&#039;in Erzurum&#039;daki \u015fubelerine, telefon numaralar\u0131na ve online ileti\u015fim formuna buradan ula\u015fabilirsiniz. Size geri d\u00f6n\u00fc\u015f yapal\u0131m.\" \/>\n<meta name=\"robots\" content=\"index, follow, max-snippet:-1, max-image-preview:large, max-video-preview:-1\" \/>\n<link rel=\"canonical\" href=\"https:\/\/meralticaret.com.tr\/index.php\/iletisim\/\" \/>\n<meta property=\"og:locale\" content=\"tr_TR\" \/>\n<meta property=\"og:type\" content=\"article\" \/>\n<meta property=\"og:title\" content=\"\u0130leti\u015fim | Meral Ticaret\" \/>\n<meta property=\"og:description\" content=\"Meral Ticaret&#039;in Erzurum&#039;daki \u015fubelerine, telefon numaralar\u0131na ve online ileti\u015fim formuna buradan ula\u015fabilirsiniz. Size geri d\u00f6n\u00fc\u015f yapal\u0131m.\" \/>\n<meta property=\"og:url\" content=\"https:\/\/meralticaret.com.tr\/index.php\/iletisim\/\" \/>\n<meta property=\"og:site_name\" content=\"Meral Ticaret\" \/>\n<meta property=\"article:publisher\" content=\"https:\/\/www.facebook.com\/p\/Meral-AVM-100063716583823\/\" \/>\n<meta property=\"article:modified_time\" content=\"2025-10-03T18:48:55+00:00\" \/>\n<meta property=\"og:image\" content=\"https:\/\/meralticaret.com.tr\/wp-content\/uploads\/2025\/09\/Adsiz-tasarim-2025-09-30T155356.547-Photoroom.png\" \/>\n\t<meta property=\"og:image:width\" content=\"1200\" \/>\n\t<meta property=\"og:image:height\" content=\"675\" \/>\n\t<meta property=\"og:image:type\" content=\"image\/png\" \/>\n<meta name=\"twitter:card\" content=\"summary_large_image\" \/>\n<script type=\"application\/ld+json\" class=\"yoast-schema-graph\">{\"@context\":\"https:\/\/schema.org\",\"@graph\":[{\"@type\":\"WebPage\",\"@id\":\"https:\/\/meralticaret.com.tr\/index.php\/iletisim\/\",\"url\":\"https:\/\/meralticaret.com.tr\/index.php\/iletisim\/\",\"name\":\"\u0130leti\u015fim | Meral Ticaret\",\"isPartOf\":{\"@id\":\"https:\/\/meralticaret.com.tr\/#website\"},\"datePublished\":\"2025-07-18T20:55:59+00:00\",\"dateModified\":\"2025-10-03T18:48:55+00:00\",\"description\":\"Meral Ticaret'in Erzurum'daki \u015fubelerine, telefon numaralar\u0131na ve online ileti\u015fim formuna buradan ula\u015fabilirsiniz. Size geri d\u00f6n\u00fc\u015f yapal\u0131m.\",\"breadcrumb\":{\"@id\":\"https:\/\/meralticaret.com.tr\/index.php\/iletisim\/#breadcrumb\"},\"inLanguage\":\"tr\",\"potentialAction\":[{\"@type\":\"ReadAction\",\"target\":[\"https:\/\/meralticaret.com.tr\/index.php\/iletisim\/\"]}]},{\"@type\":\"BreadcrumbList\",\"@id\":\"https:\/\/meralticaret.com.tr\/index.php\/iletisim\/#breadcrumb\",\"itemListElement\":[{\"@type\":\"ListItem\",\"position\":1,\"name\":\"Anasayfa\",\"item\":\"https:\/\/meralticaret.com.tr\/\"},{\"@type\":\"ListItem\",\"position\":2,\"name\":\"\u0130leti\u015fim\"}]},{\"@type\":\"WebSite\",\"@id\":\"https:\/\/meralticaret.com.tr\/#website\",\"url\":\"https:\/\/meralticaret.com.tr\/\",\"name\":\"Meral Ticaret\",\"description\":\"Arad\u0131\u011f\u0131n\u0131z Her \u015eey Burada\",\"publisher\":{\"@id\":\"https:\/\/meralticaret.com.tr\/#organization\"},\"potentialAction\":[{\"@type\":\"SearchAction\",\"target\":{\"@type\":\"EntryPoint\",\"urlTemplate\":\"https:\/\/meralticaret.com.tr\/?s={search_term_string}\"},\"query-input\":{\"@type\":\"PropertyValueSpecification\",\"valueRequired\":true,\"valueName\":\"search_term_string\"}}],\"inLanguage\":\"tr\"},{\"@type\":\"Organization\",\"@id\":\"https:\/\/meralticaret.com.tr\/#organization\",\"name\":\"Meral Ticaret\",\"url\":\"https:\/\/meralticaret.com.tr\/\",\"logo\":{\"@type\":\"ImageObject\",\"inLanguage\":\"tr\",\"@id\":\"https:\/\/meralticaret.com.tr\/#\/schema\/logo\/image\/\",\"url\":\"https:\/\/meralticaret.com.tr\/wp-content\/uploads\/2025\/09\/b2fd45f3-2678-461d-98ee-4d04e98bf695-Photoroom.png\",\"contentUrl\":\"https:\/\/meralticaret.com.tr\/wp-content\/uploads\/2025\/09\/b2fd45f3-2678-461d-98ee-4d04e98bf695-Photoroom.png\",\"width\":1280,\"height\":418,\"caption\":\"Meral Ticaret\"},\"image\":{\"@id\":\"https:\/\/meralticaret.com.tr\/#\/schema\/logo\/image\/\"},\"sameAs\":[\"https:\/\/www.facebook.com\/p\/Meral-AVM-100063716583823\/\",\"https:\/\/www.instagram.com\/meralavm\/\"]}]}<\/script>\n<!-- \/ Yoast SEO plugin. -->","yoast_head_json":{"title":"\u0130leti\u015fim | Meral Ticaret","description":"Meral Ticaret'in Erzurum'daki \u015fubelerine, telefon numaralar\u0131na ve online ileti\u015fim formuna buradan ula\u015fabilirsiniz. Size geri d\u00f6n\u00fc\u015f yapal\u0131m.","robots":{"index":"index","follow":"follow","max-snippet":"max-snippet:-1","max-image-preview":"max-image-preview:large","max-video-preview":"max-video-preview:-1"},"canonical":"https:\/\/meralticaret.com.tr\/index.php\/iletisim\/","og_locale":"tr_TR","og_type":"article","og_title":"\u0130leti\u015fim | Meral Ticaret","og_description":"Meral Ticaret'in Erzurum'daki \u015fubelerine, telefon numaralar\u0131na ve online ileti\u015fim formuna buradan ula\u015fabilirsiniz. Size geri d\u00f6n\u00fc\u015f yapal\u0131m.","og_url":"https:\/\/meralticaret.com.tr\/index.php\/iletisim\/","og_site_name":"Meral Ticaret","article_publisher":"https:\/\/www.facebook.com\/p\/Meral-AVM-100063716583823\/","article_modified_time":"2025-10-03T18:48:55+00:00","og_image":[{"width":1200,"height":675,"url":"https:\/\/meralticaret.com.tr\/wp-content\/uploads\/2025\/09\/Adsiz-tasarim-2025-09-30T155356.547-Photoroom.png","type":"image\/png"}],"twitter_card":"summary_large_image","schema":{"@context":"https:\/\/schema.org","@graph":[{"@type":"WebPage","@id":"https:\/\/meralticaret.com.tr\/index.php\/iletisim\/","url":"https:\/\/meralticaret.com.tr\/index.php\/iletisim\/","name":"\u0130leti\u015fim | Meral Ticaret","isPartOf":{"@id":"https:\/\/meralticaret.com.tr\/#website"},"datePublished":"2025-07-18T20:55:59+00:00","dateModified":"2025-10-03T18:48:55+00:00","description":"Meral Ticaret'in Erzurum'daki \u015fubelerine, telefon numaralar\u0131na ve online ileti\u015fim formuna buradan ula\u015fabilirsiniz. Size geri d\u00f6n\u00fc\u015f yapal\u0131m.","breadcrumb":{"@id":"https:\/\/meralticaret.com.tr\/index.php\/iletisim\/#breadcrumb"},"inLanguage":"tr","potentialAction":[{"@type":"ReadAction","target":["https:\/\/meralticaret.com.tr\/index.php\/iletisim\/"]}]},{"@type":"BreadcrumbList","@id":"https:\/\/meralticaret.com.tr\/index.php\/iletisim\/#breadcrumb","itemListElement":[{"@type":"ListItem","position":1,"name":"Anasayfa","item":"https:\/\/meralticaret.com.tr\/"},{"@type":"ListItem","position":2,"name":"\u0130leti\u015fim"}]},{"@type":"WebSite","@id":"https:\/\/meralticaret.com.tr\/#website","url":"https:\/\/meralticaret.com.tr\/","name":"Meral Ticaret","description":"Arad\u0131\u011f\u0131n\u0131z Her \u015eey Burada","publisher":{"@id":"https:\/\/meralticaret.com.tr\/#organization"},"potentialAction":[{"@type":"SearchAction","target":{"@type":"EntryPoint","urlTemplate":"https:\/\/meralticaret.com.tr\/?s={search_term_string}"},"query-input":{"@type":"PropertyValueSpecification","valueRequired":true,"valueName":"search_term_string"}}],"inLanguage":"tr"},{"@type":"Organization","@id":"https:\/\/meralticaret.com.tr\/#organization","name":"Meral Ticaret","url":"https:\/\/meralticaret.com.tr\/","logo":{"@type":"ImageObject","inLanguage":"tr","@id":"https:\/\/meralticaret.com.tr\/#\/schema\/logo\/image\/","url":"https:\/\/meralticaret.com.tr\/wp-content\/uploads\/2025\/09\/b2fd45f3-2678-461d-98ee-4d04e98bf695-Photoroom.png","contentUrl":"https:\/\/meralticaret.com.tr\/wp-content\/uploads\/2025\/09\/b2fd45f3-2678-461d-98ee-4d04e98bf695-Photoroom.png","width":1280,"height":418,"caption":"Meral Ticaret"},"image":{"@id":"https:\/\/meralticaret.com.tr\/#\/schema\/logo\/image\/"},"sameAs":["https:\/\/www.facebook.com\/p\/Meral-AVM-100063716583823\/","https:\/\/www.instagram.com\/meralavm\/"]}]}},"_links":{"self":[{"href":"https:\/\/meralticaret.com.tr\/index.php\/wp-json\/wp\/v2\/pages\/142","targetHints":{"allow":["GET"]}}],"collection":[{"href":"https:\/\/meralticaret.com.tr\/index.php\/wp-json\/wp\/v2\/pages"}],"about":[{"href":"https:\/\/meralticaret.com.tr\/index.php\/wp-json\/wp\/v2\/types\/page"}],"author":[{"embeddable":true,"href":"https:\/\/meralticaret.com.tr\/index.php\/wp-json\/wp\/v2\/users\/1"}],"replies":[{"embeddable":true,"href":"https:\/\/meralticaret.com.tr\/index.php\/wp-json\/wp\/v2\/comments?post=142"}],"version-history":[{"count":109,"href":"https:\/\/meralticaret.com.tr\/index.php\/wp-json\/wp\/v2\/pages\/142\/revisions"}],"predecessor-version":[{"id":1331,"href":"https:\/\/meralticaret.com.tr\/index.php\/wp-json\/wp\/v2\/pages\/142\/revisions\/1331"}],"wp:attachment":[{"href":"https:\/\/meralticaret.com.tr\/index.php\/wp-json\/wp\/v2\/media?parent=142"}],"curies":[{"name":"wp","href":"https:\/\/api.w.org\/{rel}","templated":true}]}}